{"id":10,"date":"2020-03-07T16:38:25","date_gmt":"2020-03-07T15:38:25","guid":{"rendered":"http:\/\/sarahboilletphotographie.fr\/?page_id=10"},"modified":"2020-07-11T17:18:36","modified_gmt":"2020-07-11T15:18:36","slug":"accueil","status":"publish","type":"page","link":"https:\/\/sarahboilletphotographie.fr\/","title":{"rendered":"Pr\u00e9sentation"},"content":{"rendered":"\t\t<div data-elementor-type=\"wp-page\" data-elementor-id=\"10\" class=\"elementor elementor-10\" data-elementor-settings=\"[]\">\n\t\t\t\t\t\t<div class=\"elementor-inner\">\n\t\t\t\t\t\t\t<div class=\"elementor-section-wrap\">\n\t\t\t\t\t\t\t<section class=\"elementor-section elementor-top-section elementor-element elementor-element-c6839d4 elementor-section-content-top elementor-section-boxed elementor-section-height-default elementor-section-height-default\" data-id=\"c6839d4\" data-element_type=\"section\">\n\t\t\t\t\t\t<div class=\"elementor-container elementor-column-gap-no\">\n\t\t\t\t\t\t\t<div class=\"elementor-row\">\n\t\t\t\t\t<div class=\"elementor-column elementor-col-100 elementor-top-column elementor-element elementor-element-a0e063c\" data-id=\"a0e063c\" data-element_type=\"column\">\n\t\t\t<div class=\"elementor-column-wrap elementor-element-populated\">\n\t\t\t\t\t\t\t<div class=\"elementor-widget-wrap\">\n\t\t\t\t\t\t<div class=\"elementor-element elementor-element-e498650 elementor-invisible elementor-widget elementor-widget-text-editor\" data-id=\"e498650\" data-element_type=\"widget\" data-settings=\"{&quot;_animation&quot;:&quot;fadeIn&quot;}\" data-widget_type=\"text-editor.default\">\n\t\t\t\t<div class=\"elementor-widget-container\">\n\t\t\t\t\t\t\t\t<div class=\"elementor-text-editor elementor-clearfix\">\n\t\t\t\t<p><img loading=\"lazy\" class=\"alignleft wp-image-149\" style=\"color: #0d0d0d; font-family: inherit; font-size: 1.5em; font-weight: 600; text-transform: uppercase;\" src=\"http:\/\/sarahboilletphotographie.fr\/wp-content\/uploads\/2020\/04\/Sarah-Boillet-Photographie-1-217x300.jpg\" alt=\"\" width=\"159\" height=\"220\" srcset=\"https:\/\/sarahboilletphotographie.fr\/wp-content\/uploads\/2020\/04\/Sarah-Boillet-Photographie-1-217x300.jpg 217w, https:\/\/sarahboilletphotographie.fr\/wp-content\/uploads\/2020\/04\/Sarah-Boillet-Photographie-1-741x1024.jpg 741w, https:\/\/sarahboilletphotographie.fr\/wp-content\/uploads\/2020\/04\/Sarah-Boillet-Photographie-1-768x1061.jpg 768w, https:\/\/sarahboilletphotographie.fr\/wp-content\/uploads\/2020\/04\/Sarah-Boillet-Photographie-1-1112x1536.jpg 1112w, https:\/\/sarahboilletphotographie.fr\/wp-content\/uploads\/2020\/04\/Sarah-Boillet-Photographie-1-1483x2048.jpg 1483w, https:\/\/sarahboilletphotographie.fr\/wp-content\/uploads\/2020\/04\/Sarah-Boillet-Photographie-1-scaled.jpg 1853w\" sizes=\"(max-width: 159px) 100vw, 159px\" \/><\/p><p>Passionn\u00e9e depuis mon jeune \u00e2ge par la photographie, j\u2019aime rendre immortels les moments de joie, de bonheur, de complicit\u00e9 et de partage.<\/p><p>Certifi\u00e9e d\u2019une \u00e9cole de formation en arts appliqu\u00e9s dans le domaine de la photographie, et \u00e9quip\u00e9e d\u2019un mat\u00e9riel professionnel de qualit\u00e9, je vous propose d\u2019immortaliser vos meilleurs instants au travers de belles images qui vous ressemblent.<\/p><p>Les diff\u00e9rentes techniques que j\u2019ai acquises et le mat\u00e9riel que j\u2019utilise me permettent de travailler dans diff\u00e9rents domaines : le secteur \u00e9questre, les animaux de compagnie, l&#8217;\u00e9v\u00e8nementiel et l&#8217;immobilier.<\/p><p>J\u2019interviens principalement dans l\u2019Oise et dans les d\u00e9partements limitrophes et je peux me d\u00e9placer \u00e9galement dans toute la France.<\/p><p>\u00ab\u00a0<em>La vie passe, les souvenirs s\u2019estompent\u2026les photos restent\u00a0!<\/em>\u00a0\u00bb<\/p>\t\t\t\t\t<\/div>\n\t\t\t\t\t\t<\/div>\n\t\t\t\t<\/div>\n\t\t\t\t\t\t<\/div>\n\t\t\t\t\t<\/div>\n\t\t<\/div>\n\t\t\t\t\t\t\t\t<\/div>\n\t\t\t\t\t<\/div>\n\t\t<\/section>\n\t\t\t\t\t\t<\/div>\n\t\t\t\t\t\t<\/div>\n\t\t\t\t\t<\/div>\n\t\t","protected":false},"excerpt":{"rendered":"<p>Passionn\u00e9e depuis mon jeune \u00e2ge par la photographie, j\u2019aime rendre immortels les moments de joie, de bonheur, de complicit\u00e9 et de partage. Certifi\u00e9e d\u2019une \u00e9cole de formation en arts appliqu\u00e9s dans le domaine de la photographie, et \u00e9quip\u00e9e d\u2019un mat\u00e9riel professionnel de qualit\u00e9, je vous propose d\u2019immortaliser vos meilleurs instants au travers de belles images [&hellip;]<\/p>\n","protected":false},"author":1,"featured_media":115,"parent":0,"menu_order":0,"comment_status":"closed","ping_status":"closed","template":"","meta":[],"_links":{"self":[{"href":"https:\/\/sarahboilletphotographie.fr\/index.php\/wp-json\/wp\/v2\/pages\/10"}],"collection":[{"href":"https:\/\/sarahboilletphotographie.fr\/index.php\/wp-json\/wp\/v2\/pages"}],"about":[{"href":"https:\/\/sarahboilletphotographie.fr\/index.php\/wp-json\/wp\/v2\/types\/page"}],"author":[{"embeddable":true,"href":"https:\/\/sarahboilletphotographie.fr\/index.php\/wp-json\/wp\/v2\/users\/1"}],"replies":[{"embeddable":true,"href":"https:\/\/sarahboilletphotographie.fr\/index.php\/wp-json\/wp\/v2\/comments?post=10"}],"version-history":[{"count":81,"href":"https:\/\/sarahboilletphotographie.fr\/index.php\/wp-json\/wp\/v2\/pages\/10\/revisions"}],"predecessor-version":[{"id":617,"href":"https:\/\/sarahboilletphotographie.fr\/index.php\/wp-json\/wp\/v2\/pages\/10\/revisions\/617"}],"wp:featuredmedia":[{"embeddable":true,"href":"https:\/\/sarahboilletphotographie.fr\/index.php\/wp-json\/wp\/v2\/media\/115"}],"wp:attachment":[{"href":"https:\/\/sarahboilletphotographie.fr\/index.php\/wp-json\/wp\/v2\/media?parent=10"}],"curies":[{"name":"wp","href":"https:\/\/api.w.org\/{rel}","templated":true}]}}

Présentation

<div data-elementor-type="wp-page" data-elementor-id="10" class="elementor elementor-10" data-elementor-settings="[]">
						<div class="elementor-inner">
							<div class="elementor-section-wrap">
							<section class="elementor-section elementor-top-section elementor-element elementor-element-c6839d4 elementor-section-content-top elementor-section-boxed elementor-section-height-default elementor-section-height-default" data-id="c6839d4" data-element_type="section">
						<div class="elementor-container elementor-column-gap-no">
							<div class="elementor-row">
					<div class="elementor-column elementor-col-100 elementor-top-column elementor-element elementor-element-a0e063c" data-id="a0e063c" data-element_type="column">
			<div class="elementor-column-wrap elementor-element-populated">
							<div class="elementor-widget-wrap">
						<div class="elementor-element elementor-element-e498650 elementor-invisible elementor-widget elementor-widget-text-editor" data-id="e498650" data-element_type="widget" data-settings="{&quot;_animation&quot;:&quot;fadeIn&quot;}" data-widget_type="text-editor.default">
				<div class="elementor-widget-container">
								<div class="elementor-text-editor elementor-clearfix">
				<p><img loading="lazy" class="alignleft wp-image-149" style="color: #0d0d0d; font-family: inherit; font-size: 1.5em; font-weight: 600; text-transform: uppercase;" src="http://sarahboilletphotographie.fr/wp-content/uploads/2020/04/Sarah-Boillet-Photographie-1-217x300.jpg" alt="" width="159" height="220" srcset="https://sarahboilletphotographie.fr/wp-content/uploads/2020/04/Sarah-Boillet-Photographie-1-217x300.jpg 217w, https://sarahboilletphotographie.fr/wp-content/uploads/2020/04/Sarah-Boillet-Photographie-1-741x1024.jpg 741w, https://sarahboilletphotographie.fr/wp-content/uploads/2020/04/Sarah-Boillet-Photographie-1-768x1061.jpg 768w, https://sarahboilletphotographie.fr/wp-content/uploads/2020/04/Sarah-Boillet-Photographie-1-1112x1536.jpg 1112w, https://sarahboilletphotographie.fr/wp-content/uploads/2020/04/Sarah-Boillet-Photographie-1-1483x2048.jpg 1483w, https://sarahboilletphotographie.fr/wp-content/uploads/2020/04/Sarah-Boillet-Photographie-1-scaled.jpg 1853w" sizes="(max-width: 159px) 100vw, 159px" /></p><p>Passionnée depuis mon jeune âge par la photographie, j’aime rendre immortels les moments de joie, de bonheur, de complicité et de partage.</p><p>Certifiée d’une école de formation en arts appliqués dans le domaine de la photographie, et équipée d’un matériel professionnel de qualité, je vous propose d’immortaliser vos meilleurs instants au travers de belles images qui vous ressemblent.</p><p>Les différentes techniques que j’ai acquises et le matériel que j’utilise me permettent de travailler dans différents domaines : le secteur équestre, les animaux de compagnie, l&#8217;évènementiel et l&#8217;immobilier.</p><p>J’interviens principalement dans l’Oise et dans les départements limitrophes et je peux me déplacer également dans toute la France.</p><p>« <em>La vie passe, les souvenirs s’estompent…les photos restent !</em> »</p>					</div>
						</div>
				</div>
						</div>
					</div>
		</div>
								</div>
					</div>
		</section>
						</div>
						</div>
					</div>

<p>Passionnée depuis mon jeune âge par la photographie, j’aime rendre immortels les moments de joie, de bonheur, de complicité et de partage. Certifiée d’une école de formation en arts appliqués dans le domaine de la photographie, et équipée d’un matériel professionnel de qualité, je vous propose d’immortaliser vos meilleurs instants au travers de belles images [&hellip;]</p>
