{"id":158,"date":"2020-04-06T16:16:37","date_gmt":"2020-04-06T14:16:37","guid":{"rendered":"http:\/\/sarahboilletphotographie.fr\/?page_id=158"},"modified":"2021-02-25T14:34:01","modified_gmt":"2021-02-25T13:34:01","slug":"photographie-equestre","status":"publish","type":"page","link":"https:\/\/sarahboilletphotographie.fr\/index.php\/photographie-equestre\/","title":{"rendered":"Photographie \u00e9questre"},"content":{"rendered":"\t\t<div data-elementor-type=\"wp-page\" data-elementor-id=\"158\" class=\"elementor elementor-158\" data-elementor-settings=\"[]\">\n\t\t\t\t\t\t<div class=\"elementor-inner\">\n\t\t\t\t\t\t\t<div class=\"elementor-section-wrap\">\n\t\t\t\t\t\t\t<section class=\"elementor-section elementor-top-section elementor-element elementor-element-75d23dc elementor-section-boxed elementor-section-height-default elementor-section-height-default elementor-invisible\" data-id=\"75d23dc\" data-element_type=\"section\" data-settings=\"{&quot;animation&quot;:&quot;fadeIn&quot;}\">\n\t\t\t\t\t\t<div class=\"elementor-container elementor-column-gap-default\">\n\t\t\t\t\t\t\t<div class=\"elementor-row\">\n\t\t\t\t\t<div class=\"elementor-column elementor-col-100 elementor-top-column elementor-element elementor-element-06849fd elementor-invisible\" data-id=\"06849fd\" data-element_type=\"column\" data-settings=\"{&quot;animation&quot;:&quot;fadeIn&quot;}\">\n\t\t\t<div class=\"elementor-column-wrap elementor-element-populated\">\n\t\t\t\t\t\t\t<div class=\"elementor-widget-wrap\">\n\t\t\t\t\t\t<div class=\"elementor-element elementor-element-98d321d elementor-invisible elementor-widget elementor-widget-text-editor\" data-id=\"98d321d\" data-element_type=\"widget\" data-settings=\"{&quot;_animation&quot;:&quot;fadeIn&quot;}\" data-widget_type=\"text-editor.default\">\n\t\t\t\t<div class=\"elementor-widget-container\">\n\t\t\t\t\t\t\t\t<div class=\"elementor-text-editor elementor-clearfix\">\n\t\t\t\t<p><b>Pr\u00e9sentation<\/b><\/p><p>Cavali\u00e8re depuis mes premiers pas et propri\u00e9taire depuis plus de 10 ans, je vis depuis toujours \u00e0 travers l\u2019\u00e9quitation et le lien qui s\u2019\u00e9tablit entre l\u2019animal et nous. Que ce soit en libert\u00e9, en carri\u00e8re, dans le loisir ou la comp\u00e9tition, j\u2019aime mettre en valeur la beaut\u00e9 du cheval lui-m\u00eame ou tout en complicit\u00e9 avec son cavalier.<\/p><p>Rendez \u00e9ternelle cette si belle amiti\u00e9 entre vous et votre cheval \u00e0 travers un shooting photos personnalis\u00e9 ou bien mettez \u00e0 profit une s\u00e9ance photos pour promouvoir votre activit\u00e9 : \u00e9levage, cheval \u00e0 vendre, \u00e9curie priv\u00e9e, m\u00e9tier du cheval, spectacle \u00e9questre, etc.<\/p><p>Mon profil de photographe immobilier est \u00e9galement \u00e0 votre disposition pour r\u00e9aliser un reportage photos mettant en valeur vos installations \u00e9questres, \u00e0 destination d\u2019une nouvelle communication\u00a0: donnez envie \u00e0 des cavaliers ext\u00e9rieurs de venir rejoindre votre structure\u00a0!<\/p><p>N&#8217;h\u00e9sitez pas \u00e0 me <a href=\"https:\/\/sarahboilletphotographie.fr\/index.php\/contact\/\">contacter<\/a> pour me faire part de votre souhait ! Les devis sont gratuits et personnalis\u00e9s.<\/p><p><strong>\u00a0<\/strong><strong>Galerie photos<\/strong><\/p><p><span style=\"font-family: Roboto, sans-serif; font-size: 13px;\"><\/span><strong><br \/><\/strong><\/p><p><strong>Prestations et tarifs<\/strong><\/p><p>Chaque shooting comprend\u00a0:<\/p><ol><li>1) Une discussion pr\u00e9alable pour conna\u00eetre vos attentes (par mail ou t\u00e9l\u00e9phone)<\/li><li>2) Le shooting photo<\/li><li>3) La retouche photo des plus belles photos selon le nombre de photos pr\u00e9vu<\/li><li>4) Le rendu des photos via un lien internet personnalis\u00e9<\/li><\/ol><hr \/><ul><li><strong>Portrait cheval <\/strong><\/li><\/ul><p>Les portraits chevaux se d\u00e9roulent en ext\u00e9rieur, sur le lieu de pr\u00e9sence du cheval ou \u00e0 proximit\u00e9.<img loading=\"lazy\" class=\"alignnone size-full wp-image-651\" src=\"https:\/\/sarahboilletphotographie.fr\/wp-content\/uploads\/2021\/02\/cheval-scaled.jpg\" alt=\"\" width=\"2560\" height=\"431\" srcset=\"https:\/\/sarahboilletphotographie.fr\/wp-content\/uploads\/2021\/02\/cheval-scaled.jpg 2560w, https:\/\/sarahboilletphotographie.fr\/wp-content\/uploads\/2021\/02\/cheval-300x50.jpg 300w, https:\/\/sarahboilletphotographie.fr\/wp-content\/uploads\/2021\/02\/cheval-1024x172.jpg 1024w, https:\/\/sarahboilletphotographie.fr\/wp-content\/uploads\/2021\/02\/cheval-768x129.jpg 768w, https:\/\/sarahboilletphotographie.fr\/wp-content\/uploads\/2021\/02\/cheval-1536x258.jpg 1536w, https:\/\/sarahboilletphotographie.fr\/wp-content\/uploads\/2021\/02\/cheval-2048x345.jpg 2048w\" sizes=\"(max-width: 2560px) 100vw, 2560px\" \/><em>La baisse de prix est possible \u00e0 partir du 3 <sup>\u00e8me<\/sup> cheval. N\u2019h\u00e9sitez pas \u00e0 me <a href=\"https:\/\/sarahboilletphotographie.fr\/index.php\/contact\/\">contacter<\/a> pour l\u2019\u00e9laboration d\u2019un devis (gratuit).<\/em><\/p><hr \/><ul><li><strong>Portrait cheval-cavalier<\/strong><\/li><\/ul><p style=\"text-align: left;\">Les portraits cheval\/cavalier se d\u00e9roulent en ext\u00e9rieur, sur le lieu de pr\u00e9sence du cheval ou \u00e0 proximit\u00e9.<img loading=\"lazy\" class=\"alignnone size-full wp-image-650\" src=\"https:\/\/sarahboilletphotographie.fr\/wp-content\/uploads\/2021\/02\/cheval-cavalier-scaled.jpg\" alt=\"\" width=\"2560\" height=\"435\" srcset=\"https:\/\/sarahboilletphotographie.fr\/wp-content\/uploads\/2021\/02\/cheval-cavalier-scaled.jpg 2560w, https:\/\/sarahboilletphotographie.fr\/wp-content\/uploads\/2021\/02\/cheval-cavalier-300x51.jpg 300w, https:\/\/sarahboilletphotographie.fr\/wp-content\/uploads\/2021\/02\/cheval-cavalier-1024x174.jpg 1024w, https:\/\/sarahboilletphotographie.fr\/wp-content\/uploads\/2021\/02\/cheval-cavalier-768x131.jpg 768w, https:\/\/sarahboilletphotographie.fr\/wp-content\/uploads\/2021\/02\/cheval-cavalier-1536x261.jpg 1536w, https:\/\/sarahboilletphotographie.fr\/wp-content\/uploads\/2021\/02\/cheval-cavalier-2048x348.jpg 2048w\" sizes=\"(max-width: 2560px) 100vw, 2560px\" \/><img loading=\"lazy\" class=\"alignnone size-full wp-image-392\" src=\"https:\/\/sarahboilletphotographie.fr\/wp-content\/uploads\/2020\/04\/Chevalcavalier-scaled.jpg\" alt=\"\" width=\"2560\" height=\"557\" \/><em>La baisse de prix est possible \u00e0 partir du 3 <sup>\u00e8me<\/sup> cheval. N\u2019h\u00e9sitez pas \u00e0 me <a href=\"https:\/\/sarahboilletphotographie.fr\/index.php\/contact\/\">contacter<\/a> pour l\u2019\u00e9laboration d\u2019un devis (gratuit).<\/em><\/p><p><strong><span style=\"text-decoration: underline;\">Journ\u00e9e atelier photo pour poney-club<\/span><\/strong><\/p><p>Je vous propose une activit\u00e9 ludique et \u00e0 la mode : un atelier photo poney\/cavalier (pour les moins de 18 ans). Les enfants peuvent en profiter pour venir maquill\u00e9s et d\u00e9guis\u00e9s sur le th\u00e8me de leur choix avec leur poney pr\u00e9f\u00e9r\u00e9 !<\/p><p>Ceci est valable pour une r\u00e9servation pr\u00e9alable pour minimum 5 couples poney\/cavalier.<\/p><p style=\"text-align: left;\">Par couple : <img loading=\"lazy\" class=\"alignnone size-full wp-image-654\" src=\"https:\/\/sarahboilletphotographie.fr\/wp-content\/uploads\/2021\/02\/poney-club-scaled.jpg\" alt=\"\" width=\"2560\" height=\"382\" srcset=\"https:\/\/sarahboilletphotographie.fr\/wp-content\/uploads\/2021\/02\/poney-club-scaled.jpg 2560w, https:\/\/sarahboilletphotographie.fr\/wp-content\/uploads\/2021\/02\/poney-club-300x45.jpg 300w, https:\/\/sarahboilletphotographie.fr\/wp-content\/uploads\/2021\/02\/poney-club-1024x153.jpg 1024w, https:\/\/sarahboilletphotographie.fr\/wp-content\/uploads\/2021\/02\/poney-club-768x114.jpg 768w, https:\/\/sarahboilletphotographie.fr\/wp-content\/uploads\/2021\/02\/poney-club-1536x229.jpg 1536w, https:\/\/sarahboilletphotographie.fr\/wp-content\/uploads\/2021\/02\/poney-club-2048x305.jpg 2048w\" sizes=\"(max-width: 2560px) 100vw, 2560px\" \/><img loading=\"lazy\" class=\"alignnone size-full wp-image-398\" src=\"https:\/\/sarahboilletphotographie.fr\/wp-content\/uploads\/2020\/04\/poney-cavalier.jpg\" alt=\"\" width=\"2540\" height=\"432\" \/><img loading=\"lazy\" class=\"alignnone size-full wp-image-361\" src=\"https:\/\/sarahboilletphotographie.fr\/wp-content\/uploads\/2020\/04\/4.-pr\u00e9sentation-\u00e9curie.jpg\" alt=\"\" width=\"2008\" height=\"520\" \/><em>N\u2019h\u00e9sitez pas \u00e0 me <a href=\"https:\/\/sarahboilletphotographie.fr\/index.php\/contact\/\">contacter<\/a> pour l\u2019\u00e9laboration d\u2019un devis r\u00e9pondant \u00e0 votre demande (gratuit).<\/em><\/p><hr \/><ul><li><strong>Photos chevaux \u00e0 la vente<\/strong><\/li><\/ul><p>Les portraits de chevaux \u00e0 la vente se d\u00e9roulent sur le lieu de pr\u00e9sence du cheval ou \u00e0 proximit\u00e9.<\/p><p style=\"text-align: left;\">Nombre de photos rendues\u00a0: 6 photos \/ cheval<img loading=\"lazy\" class=\"alignnone size-full wp-image-370\" src=\"https:\/\/sarahboilletphotographie.fr\/wp-content\/uploads\/2020\/04\/3.-Chevaux-\u00e0-la-vente_2.jpg\" alt=\"\" width=\"2236\" height=\"650\" \/>.<img loading=\"lazy\" class=\"alignnone size-full wp-image-649\" src=\"https:\/\/sarahboilletphotographie.fr\/wp-content\/uploads\/2021\/02\/cheval-a-la-vente-scaled.jpg\" alt=\"\" width=\"2560\" height=\"503\" srcset=\"https:\/\/sarahboilletphotographie.fr\/wp-content\/uploads\/2021\/02\/cheval-a-la-vente-scaled.jpg 2560w, https:\/\/sarahboilletphotographie.fr\/wp-content\/uploads\/2021\/02\/cheval-a-la-vente-300x59.jpg 300w, https:\/\/sarahboilletphotographie.fr\/wp-content\/uploads\/2021\/02\/cheval-a-la-vente-1024x201.jpg 1024w, https:\/\/sarahboilletphotographie.fr\/wp-content\/uploads\/2021\/02\/cheval-a-la-vente-768x151.jpg 768w, https:\/\/sarahboilletphotographie.fr\/wp-content\/uploads\/2021\/02\/cheval-a-la-vente-1536x302.jpg 1536w, https:\/\/sarahboilletphotographie.fr\/wp-content\/uploads\/2021\/02\/cheval-a-la-vente-2048x402.jpg 2048w\" sizes=\"(max-width: 2560px) 100vw, 2560px\" \/><img loading=\"lazy\" class=\"alignnone size-full wp-image-393\" src=\"https:\/\/sarahboilletphotographie.fr\/wp-content\/uploads\/2020\/04\/chevaux-vente.jpg\" alt=\"\" width=\"2557\" height=\"659\" \/><em>La baisse de prix est possible dans le cadre d\u2019un partenariat durable pluriannuel. N\u2019h\u00e9sitez pas \u00e0 me <a href=\"https:\/\/sarahboilletphotographie.fr\/index.php\/contact\/\">contacter<\/a> pour voir ensemble les conditions et pour l\u2019\u00e9laboration d\u2019un devis (gratuit).<\/em><\/p><hr \/><ul><li><strong>Pr\u00e9sentation \u00e9curie, \u00e9levage<\/strong><\/li><\/ul><p style=\"text-align: left;\">L\u2019ensemble de la propri\u00e9t\u00e9 est parcouru et photographi\u00e9, en mettant en valeur l\u2019organisation, la superficie et la beaut\u00e9 des lieux.<\/p><p style=\"text-align: left;\"><img loading=\"lazy\" class=\"alignnone size-full wp-image-652\" src=\"https:\/\/sarahboilletphotographie.fr\/wp-content\/uploads\/2021\/02\/elevages-scaled.jpg\" alt=\"\" width=\"2560\" height=\"330\" srcset=\"https:\/\/sarahboilletphotographie.fr\/wp-content\/uploads\/2021\/02\/elevages-scaled.jpg 2560w, https:\/\/sarahboilletphotographie.fr\/wp-content\/uploads\/2021\/02\/elevages-300x39.jpg 300w, https:\/\/sarahboilletphotographie.fr\/wp-content\/uploads\/2021\/02\/elevages-1024x132.jpg 1024w, https:\/\/sarahboilletphotographie.fr\/wp-content\/uploads\/2021\/02\/elevages-768x99.jpg 768w, https:\/\/sarahboilletphotographie.fr\/wp-content\/uploads\/2021\/02\/elevages-1536x198.jpg 1536w, https:\/\/sarahboilletphotographie.fr\/wp-content\/uploads\/2021\/02\/elevages-2048x264.jpg 2048w\" sizes=\"(max-width: 2560px) 100vw, 2560px\" \/><img loading=\"lazy\" class=\"alignnone size-full wp-image-361\" src=\"https:\/\/sarahboilletphotographie.fr\/wp-content\/uploads\/2020\/04\/4.-pr\u00e9sentation-\u00e9curie.jpg\" alt=\"\" width=\"2008\" height=\"520\" \/><em>N\u2019h\u00e9sitez pas \u00e0 me <a href=\"https:\/\/sarahboilletphotographie.fr\/index.php\/contact\/\">contacter<\/a> pour l\u2019\u00e9laboration d\u2019un devis r\u00e9pondant \u00e0 votre demande (gratuit).<\/em><\/p><hr \/><ul><li style=\"text-align: left;\"><strong>Pr\u00e9sentation m\u00e9tier du cheval<\/strong><em><img loading=\"lazy\" class=\"alignnone size-full wp-image-362\" src=\"https:\/\/sarahboilletphotographie.fr\/wp-content\/uploads\/2020\/04\/5.-Pr\u00e9sentation-\u00e9curie.jpg\" alt=\"\" width=\"1999\" height=\"259\" \/><\/em><\/li><\/ul><p style=\"text-align: center;\"><em>Entra\u00eeneur \/ Sellier \/ Mar\u00e9chal ferrant \/ Osth\u00e9opathe \/ V\u00e9t\u00e9rinaire &#8230;<\/em><\/p><p><em><img loading=\"lazy\" class=\"alignnone size-full wp-image-653\" src=\"https:\/\/sarahboilletphotographie.fr\/wp-content\/uploads\/2021\/02\/metier-cheval-scaled.jpg\" alt=\"\" width=\"2560\" height=\"325\" srcset=\"https:\/\/sarahboilletphotographie.fr\/wp-content\/uploads\/2021\/02\/metier-cheval-scaled.jpg 2560w, https:\/\/sarahboilletphotographie.fr\/wp-content\/uploads\/2021\/02\/metier-cheval-300x38.jpg 300w, https:\/\/sarahboilletphotographie.fr\/wp-content\/uploads\/2021\/02\/metier-cheval-1024x130.jpg 1024w, https:\/\/sarahboilletphotographie.fr\/wp-content\/uploads\/2021\/02\/metier-cheval-768x98.jpg 768w, https:\/\/sarahboilletphotographie.fr\/wp-content\/uploads\/2021\/02\/metier-cheval-1536x195.jpg 1536w, https:\/\/sarahboilletphotographie.fr\/wp-content\/uploads\/2021\/02\/metier-cheval-2048x260.jpg 2048w\" sizes=\"(max-width: 2560px) 100vw, 2560px\" \/><em>N\u2019h\u00e9sitez pas \u00e0 me <a href=\"https:\/\/sarahboilletphotographie.fr\/index.php\/contact\/\">contacter<\/a> pour voir ensemble les conditions et pour l\u2019\u00e9laboration d\u2019un devis r\u00e9pondant \u00e0 votre demande (gratuit).<\/em><\/em><\/p><hr \/><ul><li><strong>Concours \u00e9questres<\/strong><\/li><\/ul><p style=\"text-align: center;\"><em>Endurance \/ CSO \/ CCE \/ Dressage \/ Attelage \/ Voltige \/ Western &#8230;<\/em><\/p><p><em>N\u2019h\u00e9sitez pas \u00e0 me <a href=\"https:\/\/sarahboilletphotographie.fr\/index.php\/contact\/\">contacter<\/a> pour voir ensemble les conditions et pour l\u2019\u00e9laboration d\u2019un devis r\u00e9pondant \u00e0 votre demande (gratuit).<\/em><\/p><hr \/><ul><li><strong>Spectacles et \u00e9v\u00e9nements \u00e9questres<\/strong><\/li><\/ul><p style=\"text-align: center;\">Spectacle \/ Carrousel \/ F\u00eate du club \/ Ev\u00e8nement priv\u00e9 \/ Autres &#8230;<\/p><p><em>Par ce que chaque \u00e9v\u00e8nement est unique (dur\u00e9e et lieux de l\u2019\u00e9v\u00e8nement, nombre de participants, nombre de photos souhait\u00e9es, etc.), je vous invite \u00e0 me <a href=\"https:\/\/sarahboilletphotographie.fr\/index.php\/contact\/\">contacter<\/a> pour que j\u2019\u00e9labore un devis d\u00e9taill\u00e9 et ajust\u00e9 \u00e0 vos besoins (devis gratuit).<\/em><\/p><p><strong>Mat\u00e9riel utilis\u00e9<\/strong><\/p><ul><li>Utilisation d\u2019un boitier Canon 7D Mark II, appareil de grande qualit\u00e9, id\u00e9al pour capter l\u2019instant pr\u00e9sent et les mouvements.<\/li><li>Utilisation de diff\u00e9rents objectifs en fonction du besoin : objectif pour portraits chevaux et cavaliers, t\u00e9l\u00e9objectifs pour couvrir de longues distances et objectif grand angle (immobilier \u00e9questre).<\/li><li>Pr\u00e9sence d\u2019un boitier Canon de secours en cas de panne impr\u00e9vue, avec plusieurs batteries et cartes m\u00e9moires.<\/li><li>Des lumi\u00e8res artificielles viennent compl\u00e9ter le boitier en int\u00e9rieur pour rendre les sc\u00e8nes plus lumineuses (immobilier \u00e9questre).<\/li><li>Utilisation d\u2019un tr\u00e9pied \u00e0 certaines occasions (immobilier \u00e9questre).<\/li><li>Retouches photos avec les logiciels professionnels de la Suite officielle Adobe Cr\u00e9ative : Photoshop et Lightroom.<\/li><\/ul>\t\t\t\t\t<\/div>\n\t\t\t\t\t\t<\/div>\n\t\t\t\t<\/div>\n\t\t\t\t\t\t<\/div>\n\t\t\t\t\t<\/div>\n\t\t<\/div>\n\t\t\t\t\t\t\t\t<\/div>\n\t\t\t\t\t<\/div>\n\t\t<\/section>\n\t\t\t\t\t\t<\/div>\n\t\t\t\t\t\t<\/div>\n\t\t\t\t\t<\/div>\n\t\t","protected":false},"excerpt":{"rendered":"<p>Pr\u00e9sentation Cavali\u00e8re depuis mes premiers pas et propri\u00e9taire depuis plus de 10 ans, je vis depuis toujours \u00e0 travers l\u2019\u00e9quitation et le lien qui s\u2019\u00e9tablit entre l\u2019animal et nous. Que ce soit en libert\u00e9, en carri\u00e8re, dans le loisir ou la comp\u00e9tition, j\u2019aime mettre en valeur la beaut\u00e9 du cheval lui-m\u00eame ou tout en complicit\u00e9 [&hellip;]<\/p>\n","protected":false},"author":1,"featured_media":586,"parent":0,"menu_order":0,"comment_status":"closed","ping_status":"closed","template":"","meta":[],"_links":{"self":[{"href":"https:\/\/sarahboilletphotographie.fr\/index.php\/wp-json\/wp\/v2\/pages\/158"}],"collection":[{"href":"https:\/\/sarahboilletphotographie.fr\/index.php\/wp-json\/wp\/v2\/pages"}],"about":[{"href":"https:\/\/sarahboilletphotographie.fr\/index.php\/wp-json\/wp\/v2\/types\/page"}],"author":[{"embeddable":true,"href":"https:\/\/sarahboilletphotographie.fr\/index.php\/wp-json\/wp\/v2\/users\/1"}],"replies":[{"embeddable":true,"href":"https:\/\/sarahboilletphotographie.fr\/index.php\/wp-json\/wp\/v2\/comments?post=158"}],"version-history":[{"count":69,"href":"https:\/\/sarahboilletphotographie.fr\/index.php\/wp-json\/wp\/v2\/pages\/158\/revisions"}],"predecessor-version":[{"id":657,"href":"https:\/\/sarahboilletphotographie.fr\/index.php\/wp-json\/wp\/v2\/pages\/158\/revisions\/657"}],"wp:featuredmedia":[{"embeddable":true,"href":"https:\/\/sarahboilletphotographie.fr\/index.php\/wp-json\/wp\/v2\/media\/586"}],"wp:attachment":[{"href":"https:\/\/sarahboilletphotographie.fr\/index.php\/wp-json\/wp\/v2\/media?parent=158"}],"curies":[{"name":"wp","href":"https:\/\/api.w.org\/{rel}","templated":true}]}}